= p - 2. Let y be o(7). Let b = 11 - y. What are the prime factors of b?
2, 3
Let a(b) = b**2 - 2*b - 2. What are the prime factors of a(-5)?
3, 11
Let d(k) = -k**3 - 5*k**2 - 5*k - 5. What are the prime factors of d(-5)?
2, 5
Let a(w) = -4 + 3*w + w**2 + 0*w + 1. Let j be a(-4). Let i = j + 11. What are the prime factors of i?
2, 3
Let w(l) = -l**3 - 4*l**2 - l - 5. Let h be w(-5). Suppose -h = -5*r + 4*f - 0*f, 3*r - 2*f - 15 = 0. What are the prime factors of r?
5
Suppose -2*l - 2 = -3*l. Suppose -47 = -3*b + l*b. What are the prime factors of b?
47
Suppose l - 78 = -5*w, 261 = 5*l - 3*w - 45. What are the prime factors of l?
3, 7
Let d = -35 + 23. Let k = 20 + d. What are the prime factors of k?
2
List the prime factors of (107 - -3) + -1*4.
2, 53
Let k(s) = -4*s + 3. Let a be k(-7). Let r = -17 + a. List the prime factors of r.
2, 7
Let x be 1/(-3)*1*0. Suppose 6 = z - x. What are the prime factors of z?
2, 3
Let b be -1 + 1 - (-1 + -4). Suppose n - 10 = b. Suppose 3*h - n = -4*z + z, -h - 3*z = -9. What are the prime factors of h?
3
Suppose -3*p + p = -4. Suppose 4*n - p + 6 = 0. Let i(f) = -15*f**3 - 2*f**2 - 2*f - 1. List the prime factors of i(n).
2, 7
Let s(a) = -a**3 + 4*a**2 + 5*a - 7. Let b(h) = -h**3 + 3*h**2 + 6*h - 8. Let j(d) = -3*b(d) + 4*s(d). Let r be 81/12 - (-2)/8. List the prime factors of j(r).
2, 5
Suppose 4*m = 3*n + 3, -2*n = -3*m + 2*m - 3. Let l(k) = 2*k**2 - k - 2. Let w be l(2). Suppose -w*p = m - 23. List the prime factors of p.
5
Suppose -20 = 3*m - 2*w, -w + 5*w = 3*m + 10. What are the prime factors of 2/m + (-655)/(-25)?
2, 13
Let h be 1/(-2)*-1*2. Let n = h + 5. What are the prime factors of n?
2, 3
Suppose 0*z = 4*z + 12. Let v be z/(-4) + (-1)/(-4). List the prime factors of 7/2 - v/2.
3
Suppose 3*i - 192 = -3*o + 285, -5*i - o = -779. List the prime factors of i.
5, 31
Suppose -q - 2 = -4*f - 6, -4*q + f = -16. Suppose -q*u = -u - 30. What are the prime factors of u?
2, 5
Suppose 0 = 3*u - 2*v - 19 - 22, 5*v = -u + 42. Let c = u - 1. List the prime factors of c.
2
Let h be (-2)/(-2)*(4 + 3). Let s(z) = 4*z - 6. What are the prime factors of s(h)?
2, 11
Suppose 5*w = 5*t - 45, 0*w + 5 = t + 3*w. What are the prime factors of (2/(-4))/(t/(-688))?
43
Let w be -3 + 1*(1 - 2). Let y(f) = f**2 + 2*f + 2. What are the prime factors of y(w)?
2, 5
Let m(d) = d**2 + d - 10. Suppose 0 = -q - 3*s - 2, 2*q - 3 = -s + 8. What are the prime factors of m(q)?
2, 23
Let y(q) = -q**2 - 15*q + 46. List the prime factors of y(-14).
2, 3, 5
Let s(y) = -y**3 + 3*y - y**3 + 7 + 3*y**3 - 2*y - 5*y**2. What are the prime factors of s(5)?
2, 3
What are the prime factors of (-9 + 6)/(9/(-456))?
2, 19
Suppose 10 = 5*r - 0. Let c be r + 0/(-3) + -1. Let g = 9 + c. List the prime factors of g.
2, 5
Suppose 0 = -5*b - 0*b - 3*a + 462, 3*a + 168 = 2*b. Suppose -5*v + b = -40. What are the prime factors of v?
2, 13
Suppose -3*n + 2*n = 0. Suppose 5*z - 3*v - 37 = 0, -2*z + 7*z - v - 39 = n. List the prime factors of z.
2
Suppose -5*n + n = -20. Suppose -4*p = -f - 2*p - 3, 10 = -2*f + n*p. List the prime factors of f.
5
Suppose 5*p - 7 = 18. Suppose -p*d + 41 = -j, -3*d = -0*j - 5*j - 7. List the prime factors of d.
3
Suppose -12 = -3*s - 3*u, -u + 3*u = -4*s + 10. Suppose s = -b + 3*a - 10, a + 8 = -2*b. Let y = b - -11. List the prime factors of y.
2, 3
Let v(u) = -1. Let l(i) = i**3 + 5*i**2 + 3*i - 7. Let g(t) = l(t) - 2*v(t). Let a be g(-4). Let f = a - -6. List the prime factors of f.
5
Let t(s) = -s**2 - 5*s + 6. Let r be t(-6). Suppose r*d = -4*d + 48. What are the prime factors of d?
2, 3
Let c(t) = -t**3 + 7*t**2. Let r(i) = 2*i**3 - 8*i**2 + i + 1. Let s(m) = -3*c(m) - 2*r(m). Let x be s(-4). What are the prime factors of 5/1*(-4)/x?
2
Suppose -g = -7*g + 390. Suppose g + 10 = 5*u. What are the prime factors of u?
3, 5
Let z(s) be the second derivative of s**3/3 - 7*s**2/2 - 2*s. What are the prime factors of z(5)?
3
Suppose 170 = t - 81. List the prime factors of t.
251
Suppose -15 = -3*w - 0*w. Let g = 8 - w. Suppose -g*h = -3*k + 12, 37 = 3*k - 0*h + 2*h. What are the prime factors of k?
3
Let w = -76 + 54. Let o = w + 24. What are the prime factors of o?
2
Suppose -21*d = -17*d - 328. List the prime factors of d.
2, 41
Let s(p) = -p**3 - 6*p**2 + 6*p - 2. Let c be s(-7). Suppose -2*t - 39 = -c*t. List the prime factors of t.
13
Let s = 24 + -10. Let o = 22 - s. What are the prime factors of o?
2
Suppose 3*v = 3*n - 57, -4*v + v + 135 = 5*n. Suppose -u - 2*u = -n. What are the prime factors of u?
2
Suppose 3*p - 24 = 5*p. Let l = 28 + p. What are the prime factors of l?
2
Suppose 0 = 2*n, -2*t + 42 = 4*n - n. Let z = -13 + t. What are the prime factors of z?
2
Let x(s) = -s - 3 + 3 + 4. Let m be x(0). List the prime factors of m/(-10) - 22/(-5).
2
Let y = 145 - 87. List the prime factors of y.
2, 29
Suppose 2*f - 7*f + 90 = 5*b, 2 = 2*b. What are the prime factors of f?
17
Suppose o - 4*d = -0*d + 3, 5*d = -o + 3. Suppose 3*i = k + 47, i + 5*k + 27 = o*i. List the prime factors of i.
2
Let t(d) = d. Let x be t(5). Suppose 0 = -3*b - c + 44, 0*b + 2*b = -x*c + 25. List the prime factors of b.
3, 5
Suppose -b = -2*b + 4, -2*b = 3*m - 98. List the prime factors of m.
2, 3, 5
Let v(x) = -x**3 - 3*x**2 + 13*x + 29. What are the prime factors of v(-6)?
59
List the prime factors of 4/3*(-57)/(-2).
2, 19
Let w = -21 - -26. List the prime factors of (61/w)/(9/45).
61
Let f(t) = t**3 - t**2 - 2*t - 1. Let h be f(-2). Suppose 2 = 4*g - 5*g. List the prime factors of g/(15/h + 1).
3
Let g(m) = m**2 + m. Suppose -33 = -2*t - 5*b, -t + 3*b + 36 = 4*t. Let v = t + -6. List the prime factors of g(v).
2, 3
Let r(i) = 8*i**3 - i**2 + i. Let f be 4/18 - 21/(-27). What are the prime factors of r(f)?
2
Suppose 0 = 5*f + 5*l, -32 = -6*f + 2*f + 4*l. Suppose -220 = f*t - 8*t. List the prime factors of t.
5, 11
Let r(m) = -m + 3. Let n be r(-10). Suppose n = 3*v - 2. Suppose -3*q + 14 = v*c - 28, 4*q = -4*c + 32. What are the prime factors of c?
3
Let k(g) = -g - 1. Let j(l) = 5*l**2 + 2*l. Let s(n) = j(n) + 4*k(n). Let t be s(3). Suppose t = 6*c - c. List the prime factors of c.
7
Let g(t) be the first derivative of -t**4/4 + 3*t**3 + 11*t**2/2 + 8*t + 3. List the prime factors of g(10).
2, 3
Suppose l - 2*l = 2*w - 11, 5*w = 4*l + 8. Suppose 0 = -2*p - 2*u - 2 + 10, -w*u + 6 = -p. List the prime factors of p.
2
Suppose -2*i + 3 = -3*c - 4, 5 = 2*i - 5*c. Suppose -1 - i = -3*p. Let a(n) = n**3 + n**2 - 1. What are the prime factors of a(p)?
11
Suppose -f - f = -4*l - 24, 3*f = -l - 6. Let k be (-10)/l - (-5)/15. List the prime factors of (k - (2 + -2)) + 3.
5
Suppose -3*y + 73 = -2*x, 3*y - x - 4*x = 61. What are the prime factors of y?
3
Suppose 5*f + 1 - 77 = -3*b, 0 = -4*f + 3*b + 50. Let p = f + 0. What are the prime factors of p?
2, 7
List the prime factors of 4 - 3 - (-91 - -3 - -2).
3, 29
Let f(l) = 4*l**2 - 7*l - 9. What are the prime factors of f(-6)?
3, 59
Suppose -3*o + 6*o - 60 = 0. What are the prime factors of o?
2, 5
Suppose 2*j - 9 - 6 = -3*u, 0 = -u + j + 5. List the prime factors of u.
5
Let l(v) = v**2 - 6*v - 4. Let j(c) = c**2 - 6*c - 4. Let g(u) = -6*j(u) + 5*l(u). Let m be g(7). Let k(q) = 2*q**2 + 3*q + 4. List the prime factors of k(m).
13
Let b be (16/24)/((-2)/36). Let j = b - -14. What are the prime factors of j?
2
Let d be 0/(3 - (1 - -1)). What are the prime factors of (6/2)/(d + 1)?
3
Suppose -5*j + 36 = 2*s + 8, 36 = 5*j + 4*s. Suppose -j*n = n - 15. Suppose -2*k + 3*h + 24 + n = 0, -2*h - 38 = -3*k. What are the prime factors of k?
2, 3
Let b(h) = -3*h - 3. Let v(j) = j + 1. Let s(f) = -2*b(f) - 7*v(f). List the prime factors of s(-14).
13
Suppose 4 - 6 = 2*u. What are the prime factors of -10*u/(-10)*-4?
2
Let l(i) = i - 6*i**2 - i**3 + 3*i + 3*i**2 + 5*i**2. Let y be l(3). What are the prime factors of -2 + 0 + y + 11?
2, 3
Let m(j) = -5*j - 7. Let v be m(-3). Suppose -3*n + v*n - 20 = 0. What are the prime factors of n?
2
Let l be (-3 - (0 - 47)) + 0. Suppose 0 = c + c - l. What are the prime factors of c?
2, 11
What are the prime factors of 157*(0 + 4/(-2) + 3)?
157
Let f(p) = p**3 + 5*p**2 - 8*p - 9. Let w be f(-6). Suppose 3*r + 27 = w*y, -r + 2 - 1 = y. What are the prime factors of y?
5
Suppose v + 4*